?
7
What is the ten thousands digit of 43497998?
9
What is the ten thousands digit of 5668387093?
8
What is the thousands digit of 443698452?
8
What is the units digit of 8515836?
6
What is the hundred millions digit of 117145951?
1
What is the ten millions digit of 814808299?
1
What is the hundred thousands digit of 57472362?
4
What is the ten millions digit of 369981898?
6
What is the millions digit of 11902595?
1
What is the ten millions digit of 69383569?
6
What is the thousands digit of 35098625?
8
What is the thousands digit of 78098625?
8
What is the units digit of 2393640350?
0
What is the ten millions digit of 5187367680?
8
What is the tens digit of 100324326?
2
What is the hundred thousands digit of 250776017?
7
What is the millions digit of 2773617626?
3
What is the thousands digit of 866459646?
9
What is the hundred thousands digit of 138108549?
1
What is the units digit of 40412575?
5
What is the hundreds digit of 2047506597?
5
What is the millions digit of 16203473?
6
What is the hundreds digit of 1642214526?
5
What is the ten millions digit of 22637376?
2
What is the hundred thousands digit of 218052513?
0
What is the hundred thousands digit of 3567266109?
2
What is the millions digit of 347082570?
7
What is the hundred thousands digit of 1485033221?
0
What is the ten thousands digit of 2663475527?
7
What is the ten millions digit of 90560901?
9
What is the hundreds digit of 5390783128?
1
What is the ten millions digit of 70834079?
7
What is the ten thousands digit of 179068885?
6
What is the ten thousands digit of 1067699593?
9
What is the ten thousands digit of 245041238?
4
What is the hundred thousands digit of 57666600?
6
What is the hundred thousands digit of 174433416?
4
What is the hundred millions digit of 1620861094?
6
What is the thousands digit of 237256368?
6
What is the millions digit of 47392319?
7
What is the thousands digit of 285132720?
2
What is the hundred thousands digit of 833667820?
6
What is the ten millions digit of 147908008?
4
What is the ten millions digit of 167225095?
6
What is the ten millions digit of 27033164?
2
What is the ten millions digit of 2174390850?
7
What is the thousands digit of 32594527?
4
What is the hundred thousands digit of 41647389?
6
What is the ten millions digit of 256461425?
5
What is the ten thousands digit of 2044231650?
3
What is the hundred millions digit of 272924079?
2
What is the millions digit of 471075792?
1
What is the ten thousands digit of 30020608?
2
What is the ten thousands digit of 8627358?
2
What is the hundred millions digit of 254107064?
2
What is the hundred thousands digit of 1330730750?
7
What is the hundred millions digit of 832077335?
8
What is the millions digit of 903318753?
3
What is the thousands digit of 299130253?
0
What is the millions digit of 42661301?
2
What is the hundred thousands digit of 639224518?
2
What is the hundreds digit of 422972017?
0
What is the millions digit of 1167578463?
7
What is the tens digit of 33331814?
1
What is the ten thousands digit of 170921037?
2
What is the hundred thousands digit of 6101599028?
5
What is the units digit of 24720526?
6
What is the billions digit of 7342420896?
7
What is the tens digit of 95802945?
4
What is the hundreds digit of 27237096?
0
What is the hundred millions digit of 1130367665?
1
What is the hundreds digit of 1055501172?
1
What is the millions digit of 600272098?
0
What is the tens digit of 92697351?
5
What is the hundreds digit of 568148199?
1
What is the units digit of 9591038?
8
What is the hundreds digit of 306797317?
3
What is the ten millions digit of 39154866?
3
What is the hundreds digit of 66828706?
7
What is the hundred thousands digit of 254765906?
7
What is the ten thousands digit of 38168540?
6
What is the hundreds digit of 51173021?
0
What is the hundreds digit of 505719917?
9
What is the thousands digit of 108041168?
1
What is the thousands digit of 399107404?
7
What is the millions digit of 36086032?
6
What is the millions digit of 4906501661?
6
What is the ten thousands digit of 49207053?
0
What is the units digit of 46590237?
7
What is the thousands digit of 627954551?
4
What is the ten thousands digit of 23790908?
9
What is the ten millions digit of 33808503?
3
What is the thousands digit of 472027568?
7
What is the millions digit of 462177333?
2
What is the millions digit of 1680947909?
0
What is the hundreds digit of 71239331?
3
What is the billions digit of 1977862449?
1
What is the hundreds digit of 33147515?
5
What is the ten millions digit of 25550260?
2
What is the ten thousands digit of 78059384?
5
What is the units digit of 247069742?
2
What is the hundreds digit of 171184171?
1
What is the units digit of 258845147?
7
What is the hundreds digit of 1791318909?
9
What is the ten thousands digit of 66996521?
9
What is the tens digit of 26412947?
4
What is the millions digit of 363366604?
3
What is the units digit of 230634180?
0
What is the tens digit of 453280121?
2
What is the hundreds digit of 1792046616?
6
What is the hundred millions digit of 272405540?
2
What is the tens digit of 182908820?
2
What is the millions digit of 54551210?
4
What is the hundred thousands digit of 2576584236?
5
What is the hundred thousands digit of 1950383914?
3
What is the tens digit of 424744154?
5
What is the billions digit of 1277931025?
1
What is the hundred millions digit of 6147684717?
1
What is the thousands digit of 136431366?
1
What is the millions digit of 188140132?
8
What is the tens digit of 471612127?
2
What is the tens digit of 50631092?
9
What is the ten thousands digit of 16404100?
0
What is the units digit of 2069364099?
9
What is the units digit of 74663987?
7
What is the units digit of 56984153?
3
What is the tens digit of 1290709130?
3
What is the millions digit of 110596466?
0
What is the units digit of 60454642?
2
What is the hundred millions digit of 382810722?
3
What is the units digit of 872977240?
0
What is the hundred thousands digit of 69835559?
8
What is the ten millions digit of 8381279806?
8
What is the thousands digit of 617363?
7
What is the units digit of 50823749?
9
What is the hundred millions digit of 175655899?
1
What is the millions digit of 267740304?
7
What is the hundreds digit of 171619514?
5
What is the units digit of 29125780?
0
What is the ten millions digit of 167977732?
6
What is the ten thousands digit of 847235?
4
What is the millions digit of 65760073?
5
What is the ten thousands digit of 414584495?
8
What is the millions digit of 1668982974?
8
What is the hundreds digit of 404012873?
8
What is the hundred millions digit of 1351034477?
3
What is the hundred millions digit of 3482494300?
4
What is the units digit of 182431200?
0
What is the hundreds digit of 176551725?
7
What is the ten thousands digit of 66150410?
5
What is the tens digit of 602833848?
4
What is the units digit of 375479774?
4
What is the tens digit of 7257046?
4
What is the billions digit of 1003048176?
1
What is the tens digit of 1622668535?
3
What is the hundreds digit of 8060462276?
2
What is the thousands digit of 3139074161?
4
What is the millions digit of 521041234?
1
What is the millions digit of 267644559?
7
What is the hundred thousands digit of 252923373?
9
What is the hundreds digit of 832734516?
5
What is the hundreds digit of 834076518?
5
What is the hundred thousands digit of 4869988646?
9
What is the thousands digit of 666921234?
1
What is the tens digit of 4242564018?
1
What is the ten thousands digit of 96703493?
0
What is the ten millions digit of 81618605?
8
What is the billions digit of 2990254030?
2
What is the hundred millions digit of 684955108?
6
What is the units digit of 111419439?
9
What is the units digit of 30313932?
2
What is the ten millions digit of 37136977?
3
What is the millions digit of 3057013585?
7
What is the ten thousands digit of 1151016654?
1
What is the units digit of 442894928?
8
What is the millions digit of 67966728?
7
What is the tens digit of 41366189?
8
What is the hundred thousands digit of 125801748?
8
What is the millions digit of 90264420?
0
What is the tens digit of 3935595?
9
What is the millions digit of 1561715173?
1
What is the ten millions digit of 71138531?
7
What is the ten millions digit of 4920